{"id":9712,"date":"2025-06-11T05:33:40","date_gmt":"2025-06-11T05:33:40","guid":{"rendered":"https:\/\/www.envirosoil.es\/?post_type=tribe_events&#038;p=9712"},"modified":"2025-06-11T05:33:40","modified_gmt":"2025-06-11T05:33:40","slug":"ecofira-feria-de-la-capitalidad-verde-del-medioambiente","status":"publish","type":"tribe_events","link":"https:\/\/www.envirosoil.es\/ca\/evento\/ecofira-feria-de-la-capitalidad-verde-del-medioambiente\/","title":{"rendered":"ECOFIRA: Feria de la Capitalidad Verde del Medioambiente"},"content":{"rendered":"<p>Con m\u00e1s de veinte ediciones, Ecofira se ha consolidado como el punto de encuentro imprescindible para empresas y entidades p\u00fablicas que lideran la\u00a0transici\u00f3n hacia una gesti\u00f3n ambiental m\u00e1s eficiente.\u00a0Un foro de conocimiento donde se analiza los\u00a0desaf\u00edos y soluciones en materia medioambiental y energ\u00e9tica.\u00a0La suma de\u00a0Efiaqua, EChS y Laboralia\u00a0conformar\u00e1 un gran evento ferial en torno a los servicios p\u00fablicos, industriales y empresariales.<\/p>\n","protected":false},"excerpt":{"rendered":"<p>Con m\u00e1s de veinte ediciones, Ecofira se ha consolidado como el punto de encuentro imprescindible para empresas y entidades p\u00fablicas que lideran la\u00a0transici\u00f3n hacia una gesti\u00f3n ambiental m\u00e1s eficiente.\u00a0Un foro [&hellip;]<\/p>\n","protected":false},"author":4,"featured_media":9555,"template":"","meta":{"_et_pb_use_builder":"","_et_pb_old_content":"","_et_gb_content_width":"","om_disable_all_campaigns":false,"_monsterinsights_skip_tracking":false,"_monsterinsights_sitenote_active":false,"_monsterinsights_sitenote_note":"","_monsterinsights_sitenote_category":0,"_uf_show_specific_survey":0,"_uf_disable_surveys":false,"_tribe_events_status":"","_tribe_events_status_reason":"","footnotes":""},"tags":[],"tribe_events_cat":[],"class_list":["post-9712","tribe_events","type-tribe_events","status-publish","has-post-thumbnail","hentry"],"aioseo_notices":[],"_links":{"self":[{"href":"https:\/\/www.envirosoil.es\/ca\/wp-json\/wp\/v2\/tribe_events\/9712","targetHints":{"allow":["GET"]}}],"collection":[{"href":"https:\/\/www.envirosoil.es\/ca\/wp-json\/wp\/v2\/tribe_events"}],"about":[{"href":"https:\/\/www.envirosoil.es\/ca\/wp-json\/wp\/v2\/types\/tribe_events"}],"author":[{"embeddable":true,"href":"https:\/\/www.envirosoil.es\/ca\/wp-json\/wp\/v2\/users\/4"}],"version-history":[{"count":1,"href":"https:\/\/www.envirosoil.es\/ca\/wp-json\/wp\/v2\/tribe_events\/9712\/revisions"}],"predecessor-version":[{"id":9713,"href":"https:\/\/www.envirosoil.es\/ca\/wp-json\/wp\/v2\/tribe_events\/9712\/revisions\/9713"}],"wp:featuredmedia":[{"embeddable":true,"href":"https:\/\/www.envirosoil.es\/ca\/wp-json\/wp\/v2\/media\/9555"}],"wp:attachment":[{"href":"https:\/\/www.envirosoil.es\/ca\/wp-json\/wp\/v2\/media?parent=9712"}],"wp:term":[{"taxonomy":"post_tag","embeddable":true,"href":"https:\/\/www.envirosoil.es\/ca\/wp-json\/wp\/v2\/tags?post=9712"},{"taxonomy":"tribe_events_cat","embeddable":true,"href":"https:\/\/www.envirosoil.es\/ca\/wp-json\/wp\/v2\/tribe_events_cat?post=9712"}],"curies":[{"name":"wp","href":"https:\/\/api.w.org\/{rel}","templated":true}]}}

<p>Con más de veinte ediciones, Ecofira se ha consolidado como el punto de encuentro imprescindible para empresas y entidades públicas que lideran la transición hacia una gestión ambiental más eficiente. Un foro de conocimiento donde se analiza los desafíos y soluciones en materia medioambiental y energética. La suma de Efiaqua, EChS y Laboralia conformará un gran evento ferial en torno a los servicios públicos, industriales y empresariales.</p>

<p>Con más de veinte ediciones, Ecofira se ha consolidado como el punto de encuentro imprescindible para empresas y entidades públicas que lideran la transición hacia una gestión ambiental más eficiente. Un foro [&hellip;]</p>
