{"id":9714,"date":"2025-06-11T05:36:45","date_gmt":"2025-06-11T05:36:45","guid":{"rendered":"https:\/\/www.envirosoil.es\/?post_type=tribe_events&#038;p=9714"},"modified":"2025-06-11T05:36:45","modified_gmt":"2025-06-11T05:36:45","slug":"genera-feria-internacional-de-energia-y-medioambiente","status":"publish","type":"tribe_events","link":"https:\/\/www.envirosoil.es\/eu\/evento\/genera-feria-internacional-de-energia-y-medioambiente\/","title":{"rendered":"GENERA: Feria Internacional de Energ\u00eda y Medioambiente"},"content":{"rendered":"<p>Del 18 al 20 de noviembre del 2025 se celebrar\u00e1 GENERA 2025, un evento l\u00edder en Espa\u00f1a para profesionales del sector energ\u00e9tico, buscando innovaciones en energ\u00edas renovables y eficiencia energ\u00e9tica, junto con tecnolog\u00edas y soluciones medioambientales.<span class=\"pjBG2e\" data-cid=\"04b51973-29b7-4ebf-97ce-2d1905c513f2\"><span class=\"UV3uM\">\u00a0<\/span><\/span><\/p>\n","protected":false},"excerpt":{"rendered":"<p>Del 18 al 20 de noviembre del 2025 se celebrar\u00e1 GENERA 2025, un evento l\u00edder en Espa\u00f1a para profesionales del sector energ\u00e9tico, buscando innovaciones en energ\u00edas renovables y eficiencia energ\u00e9tica, [&hellip;]<\/p>\n","protected":false},"author":4,"featured_media":9550,"template":"","meta":{"_et_pb_use_builder":"","_et_pb_old_content":"","_et_gb_content_width":"","om_disable_all_campaigns":false,"_monsterinsights_skip_tracking":false,"_monsterinsights_sitenote_active":false,"_monsterinsights_sitenote_note":"","_monsterinsights_sitenote_category":0,"_uf_show_specific_survey":0,"_uf_disable_surveys":false,"_tribe_events_status":"","_tribe_events_status_reason":"","footnotes":""},"tags":[],"tribe_events_cat":[],"class_list":["post-9714","tribe_events","type-tribe_events","status-publish","has-post-thumbnail","hentry"],"aioseo_notices":[],"_links":{"self":[{"href":"https:\/\/www.envirosoil.es\/eu\/wp-json\/wp\/v2\/tribe_events\/9714","targetHints":{"allow":["GET"]}}],"collection":[{"href":"https:\/\/www.envirosoil.es\/eu\/wp-json\/wp\/v2\/tribe_events"}],"about":[{"href":"https:\/\/www.envirosoil.es\/eu\/wp-json\/wp\/v2\/types\/tribe_events"}],"author":[{"embeddable":true,"href":"https:\/\/www.envirosoil.es\/eu\/wp-json\/wp\/v2\/users\/4"}],"version-history":[{"count":1,"href":"https:\/\/www.envirosoil.es\/eu\/wp-json\/wp\/v2\/tribe_events\/9714\/revisions"}],"predecessor-version":[{"id":9715,"href":"https:\/\/www.envirosoil.es\/eu\/wp-json\/wp\/v2\/tribe_events\/9714\/revisions\/9715"}],"wp:featuredmedia":[{"embeddable":true,"href":"https:\/\/www.envirosoil.es\/eu\/wp-json\/wp\/v2\/media\/9550"}],"wp:attachment":[{"href":"https:\/\/www.envirosoil.es\/eu\/wp-json\/wp\/v2\/media?parent=9714"}],"wp:term":[{"taxonomy":"post_tag","embeddable":true,"href":"https:\/\/www.envirosoil.es\/eu\/wp-json\/wp\/v2\/tags?post=9714"},{"taxonomy":"tribe_events_cat","embeddable":true,"href":"https:\/\/www.envirosoil.es\/eu\/wp-json\/wp\/v2\/tribe_events_cat?post=9714"}],"curies":[{"name":"wp","href":"https:\/\/api.w.org\/{rel}","templated":true}]}}

GENERA: Feria Internacional de Energía y Medioambiente

<p>Del 18 al 20 de noviembre del 2025 se celebrará GENERA 2025, un evento líder en España para profesionales del sector energético, buscando innovaciones en energías renovables y eficiencia energética, junto con tecnologías y soluciones medioambientales.<span class="pjBG2e" data-cid="04b51973-29b7-4ebf-97ce-2d1905c513f2"><span class="UV3uM"> </span></span></p>

<p>Del 18 al 20 de noviembre del 2025 se celebrará GENERA 2025, un evento líder en España para profesionales del sector energético, buscando innovaciones en energías renovables y eficiencia energética, [&hellip;]</p>
