{"id":8106,"date":"2023-09-28T17:35:17","date_gmt":"2023-09-28T17:35:17","guid":{"rendered":"https:\/\/www.envirosoil.es\/?post_type=tribe_events&#038;p=8106"},"modified":"2023-09-28T17:36:12","modified_gmt":"2023-09-28T17:36:12","slug":"congreso-nacional-de-industria-y-pyme","status":"publish","type":"tribe_events","link":"https:\/\/www.envirosoil.es\/gl\/evento\/congreso-nacional-de-industria-y-pyme\/","title":{"rendered":"Congreso Nacional de Industria y Pyme"},"content":{"rendered":"<p>[et_pb_section admin_label=&#8221;section&#8221;]<br \/>\n\t\t\t[et_pb_row admin_label=&#8221;row&#8221;]<br \/>\n\t\t\t\t[et_pb_column type=&#8221;4_4&#8243;][et_pb_text admin_label=&#8221;Text&#8221;]El Ministerio de Industria, Comercio y Turismo organiza en M\u00e1laga la sexta edici\u00f3n del Congreso Nacional de Industria y Pyme Tendr\u00e1 lugar los d\u00edas 2 y 3 de octubre en el Palacio de Ferias y Congresos de M\u00e1laga \u2013 FYCMA.<\/p>\n<p>Este evento se redimensiona y se transforma en el espacio integrador de la industria y de la pyme, reuniendo a sus l\u00edderes al m\u00e1ximo nivel, instituciones, empresas, asociaciones, cl\u00fasteres, y a todos los profesionales y expertos de la cadena de valor comprometidos con el desarrollo econ\u00f3mico e industrial.<\/p>\n<p>En una \u00e9poca con grandes desaf\u00edos, donde la industria juega un rol fundamental en nuestro pa\u00eds, es m\u00e1s importante que nunca reunir a sus l\u00edderes al m\u00e1ximo nivel, instituciones, empresas, asociaciones, clusters y a todos los profesionales y expertos para debatir y analizar el presente y el futuro de la industria.[\/et_pb_text][\/et_pb_column]<br \/>\n\t\t\t[\/et_pb_row]<br \/>\n\t\t[\/et_pb_section]<\/p>\n","protected":false},"excerpt":{"rendered":"<p>El Ministerio de Industria, Comercio y Turismo organiza en M\u00e1laga la sexta edici\u00f3n del Congreso Nacional de Industria y Pyme Tendr\u00e1 lugar los d\u00edas 2 y 3 de octubre en [&hellip;]<\/p>\n","protected":false},"author":4,"featured_media":8107,"template":"","meta":{"_et_pb_use_builder":"on","_et_pb_old_content":"El Ministerio de Industria, Comercio y Turismo organiza en M\u00e1laga la sexta edici\u00f3n del Congreso Nacional de Industria y Pyme Tendr\u00e1 lugar los d\u00edas 2 y 3 de octubre en el Palacio de Ferias y Congresos de M\u00e1laga \u2013 FYCMA.\r\n\r\nEste evento se redimensiona y se transforma en el espacio integrador de la industria y de la pyme, reuniendo a sus l\u00edderes al m\u00e1ximo nivel, instituciones, empresas, asociaciones, cl\u00fasteres, y a todos los profesionales y expertos de la cadena de valor comprometidos con el desarrollo econ\u00f3mico e industrial.\r\n\r\nEn una \u00e9poca con grandes desaf\u00edos, donde la industria juega un rol fundamental en nuestro pa\u00eds, es m\u00e1s importante que nunca reunir a sus l\u00edderes al m\u00e1ximo nivel, instituciones, empresas, asociaciones, clusters y a todos los profesionales y expertos para debatir y analizar el presente y el futuro de la industria.","_et_gb_content_width":"","om_disable_all_campaigns":false,"_monsterinsights_skip_tracking":false,"_monsterinsights_sitenote_active":false,"_monsterinsights_sitenote_note":"","_monsterinsights_sitenote_category":0,"_uf_show_specific_survey":0,"_uf_disable_surveys":false,"_tribe_events_status":"","_tribe_events_status_reason":"","footnotes":""},"tags":[],"tribe_events_cat":[],"class_list":["post-8106","tribe_events","type-tribe_events","status-publish","has-post-thumbnail","hentry"],"aioseo_notices":[],"_links":{"self":[{"href":"https:\/\/www.envirosoil.es\/gl\/wp-json\/wp\/v2\/tribe_events\/8106","targetHints":{"allow":["GET"]}}],"collection":[{"href":"https:\/\/www.envirosoil.es\/gl\/wp-json\/wp\/v2\/tribe_events"}],"about":[{"href":"https:\/\/www.envirosoil.es\/gl\/wp-json\/wp\/v2\/types\/tribe_events"}],"author":[{"embeddable":true,"href":"https:\/\/www.envirosoil.es\/gl\/wp-json\/wp\/v2\/users\/4"}],"version-history":[{"count":2,"href":"https:\/\/www.envirosoil.es\/gl\/wp-json\/wp\/v2\/tribe_events\/8106\/revisions"}],"predecessor-version":[{"id":8114,"href":"https:\/\/www.envirosoil.es\/gl\/wp-json\/wp\/v2\/tribe_events\/8106\/revisions\/8114"}],"wp:featuredmedia":[{"embeddable":true,"href":"https:\/\/www.envirosoil.es\/gl\/wp-json\/wp\/v2\/media\/8107"}],"wp:attachment":[{"href":"https:\/\/www.envirosoil.es\/gl\/wp-json\/wp\/v2\/media?parent=8106"}],"wp:term":[{"taxonomy":"post_tag","embeddable":true,"href":"https:\/\/www.envirosoil.es\/gl\/wp-json\/wp\/v2\/tags?post=8106"},{"taxonomy":"tribe_events_cat","embeddable":true,"href":"https:\/\/www.envirosoil.es\/gl\/wp-json\/wp\/v2\/tribe_events_cat?post=8106"}],"curies":[{"name":"wp","href":"https:\/\/api.w.org\/{rel}","templated":true}]}}

<p>[et_pb_section admin_label=&#8221;section&#8221;]<br />
			[et_pb_row admin_label=&#8221;row&#8221;]<br />
				[et_pb_column type=&#8221;4_4&#8243;][et_pb_text admin_label=&#8221;Text&#8221;]El Ministerio de Industria, Comercio y Turismo organiza en Málaga la sexta edición del Congreso Nacional de Industria y Pyme Tendrá lugar los días 2 y 3 de octubre en el Palacio de Ferias y Congresos de Málaga – FYCMA.</p>
<p>Este evento se redimensiona y se transforma en el espacio integrador de la industria y de la pyme, reuniendo a sus líderes al máximo nivel, instituciones, empresas, asociaciones, clústeres, y a todos los profesionales y expertos de la cadena de valor comprometidos con el desarrollo económico e industrial.</p>
<p>En una época con grandes desafíos, donde la industria juega un rol fundamental en nuestro país, es más importante que nunca reunir a sus líderes al máximo nivel, instituciones, empresas, asociaciones, clusters y a todos los profesionales y expertos para debatir y analizar el presente y el futuro de la industria.[/et_pb_text][/et_pb_column]<br />
			[/et_pb_row]<br />
		[/et_pb_section]</p>

<p>El Ministerio de Industria, Comercio y Turismo organiza en Málaga la sexta edición del Congreso Nacional de Industria y Pyme Tendrá lugar los días 2 y 3 de octubre en [&hellip;]</p>

El Ministerio de Industria, Comercio y Turismo organiza en Málaga la sexta edición del Congreso Nacional de Industria y Pyme Tendrá lugar los días 2 y 3 de octubre en el Palacio de Ferias y Congresos de Málaga – FYCMA.

Este evento se redimensiona y se transforma en el espacio integrador de la industria y de la pyme, reuniendo a sus líderes al máximo nivel, instituciones, empresas, asociaciones, clústeres, y a todos los profesionales y expertos de la cadena de valor comprometidos con el desarrollo económico e industrial.

En una época con grandes desafíos, donde la industria juega un rol fundamental en nuestro país, es más importante que nunca reunir a sus líderes al máximo nivel, instituciones, empresas, asociaciones, clusters y a todos los profesionales y expertos para debatir y analizar el presente y el futuro de la industria.
